{"id":255,"date":"2024-02-15T04:07:45","date_gmt":"2024-02-15T04:07:45","guid":{"rendered":"https:\/\/enriquezprocuradores.multiplikate.es\/?page_id=255"},"modified":"2024-05-24T09:53:43","modified_gmt":"2024-05-24T09:53:43","slug":"despacho-de-procuradores-en-orense","status":"publish","type":"page","link":"https:\/\/enriquezprocuradores.com\/index.php\/despacho-de-procuradores-en-orense\/","title":{"rendered":"Despacho de procuradores en Orense"},"content":{"rendered":"<p>[et_pb_section fb_built=\u00bb1&#8243; custom_padding_last_edited=\u00bbon|phone\u00bb _builder_version=\u00bb4.24.1&#8243; _module_preset=\u00bbdefault\u00bb background_color=\u00bbrgba(0,0,0,0.43)\u00bb background_image=\u00bbhttps:\/\/enriquezprocuradores.com\/wp-content\/uploads\/2024\/02\/Despacho-de-procuradores-en-Orense-2.jpg\u00bb background_blend=\u00bbdarken\u00bb custom_padding=\u00bb||149px|||\u00bb custom_padding_tablet=\u00bb||149px|||\u00bb custom_padding_phone=\u00bb||30px||false|false\u00bb animation_style=\u00bbfade\u00bb global_colors_info=\u00bb{}\u00bb][et_pb_row custom_padding_last_edited=\u00bbon|phone\u00bb _builder_version=\u00bb4.24.1&#8243; _module_preset=\u00bbdefault\u00bb custom_padding=\u00bb149px||||false|false\u00bb custom_padding_tablet=\u00bb149px||||false|false\u00bb custom_padding_phone=\u00bb15px||||false|false\u00bb global_colors_info=\u00bb{}\u00bb][et_pb_column type=\u00bb4_4&#8243; _builder_version=\u00bb4.24.0&#8243; _module_preset=\u00bbdefault\u00bb global_colors_info=\u00bb{}\u00bb][et_pb_text _builder_version=\u00bb4.24.0&#8243; _module_preset=\u00bbdefault\u00bb header_2_font=\u00bbPlayfair Display||||||||\u00bb header_2_text_color=\u00bb#FFFFFF\u00bb header_2_font_size=\u00bb46px\u00bb global_colors_info=\u00bb{}\u00bb]<\/p>\n<h2 style=\"text-align: center;\">Despacho<\/h2>\n<p>[\/et_pb_text][et_pb_text _builder_version=\u00bb4.24.0&#8243; _module_preset=\u00bbdefault\u00bb text_font=\u00bbDM Sans||||||||\u00bb text_text_color=\u00bb#FFFFFF\u00bb text_font_size=\u00bb19px\u00bb global_colors_info=\u00bb{}\u00bb]<\/p>\n<p style=\"text-align: justify;\"><span>Enr\u00edquez Procuradores, tu equipo legal en Orense y m\u00e1s all\u00e1. Ofrecemos servicios tanto presenciales en Orense como en l\u00ednea para brindarte comodidad y accesibilidad. Nuestro equipo multidisciplinario incluye procuradores, abogados sustitutos y economistas\/peritos judiciales, garantizando una representaci\u00f3n s\u00f3lida y completa en tus asuntos legales. Conf\u00eda en nosotros para una asesor\u00eda legal integral.<\/span><\/p>\n<p>[\/et_pb_text][\/et_pb_column][\/et_pb_row][\/et_pb_section][et_pb_section fb_built=\u00bb1&#8243; _builder_version=\u00bb4.24.0&#8243; _module_preset=\u00bbdefault\u00bb background_color=\u00bb#efefef\u00bb global_colors_info=\u00bb{}\u00bb][et_pb_row column_structure=\u00bb1_2,1_2&#8243; use_custom_gutter=\u00bbon\u00bb gutter_width=\u00bb2&#8243; make_equal=\u00bbon\u00bb custom_padding_last_edited=\u00bbon|phone\u00bb _builder_version=\u00bb4.24.0&#8243; _module_preset=\u00bbdefault\u00bb width=\u00bb90%\u00bb max_width=\u00bb1240px\u00bb max_width_tablet=\u00bb406px\u00bb max_width_phone=\u00bb406px\u00bb max_width_last_edited=\u00bbon|tablet\u00bb custom_margin=\u00bb|auto|16px|auto|false|false\u00bb custom_padding=\u00bb0px||0px||false|false\u00bb custom_padding_tablet=\u00bb0px||0px||false|false\u00bb custom_padding_phone=\u00bb0px|10px|0px|10px|false|true\u00bb animation_style=\u00bbzoom\u00bb locked=\u00bboff\u00bb global_colors_info=\u00bb{}\u00bb][et_pb_column type=\u00bb1_2&#8243; _builder_version=\u00bb4.16&#8243; _module_preset=\u00bbdefault\u00bb global_colors_info=\u00bb{}\u00bb][et_pb_text _builder_version=\u00bb4.24.1&#8243; _module_preset=\u00bbdefault\u00bb header_font=\u00bb|600|||||||\u00bb header_text_align=\u00bbleft\u00bb header_font_size=\u00bb32px\u00bb header_3_font=\u00bbPlayfair Display||||||||\u00bb header_3_text_align=\u00bbcenter\u00bb header_3_text_color=\u00bb#1d1a4e\u00bb header_3_font_size=\u00bb32px\u00bb header_3_letter_spacing=\u00bb0.8px\u00bb header_3_line_height=\u00bb42px\u00bb custom_margin_tablet=\u00bb\u00bb custom_margin_phone=\u00bb||6px||false|false\u00bb custom_margin_last_edited=\u00bbon|phone\u00bb custom_padding_tablet=\u00bb\u00bb custom_padding_phone=\u00bb||||false|false\u00bb custom_padding_last_edited=\u00bbon|phone\u00bb header_3_font_size_tablet=\u00bb32px\u00bb header_3_font_size_phone=\u00bb26px\u00bb header_3_font_size_last_edited=\u00bbon|phone\u00bb global_colors_info=\u00bb{}\u00bb]<\/p>\n<h1 class=\"elementor-heading-title elementor-size-default\" style=\"text-align: left;\"><strong>Despacho de procuradores en Orense<\/strong><\/h1>\n<p>[\/et_pb_text][et_pb_text _builder_version=\u00bb4.24.0&#8243; _module_preset=\u00bbdefault\u00bb text_font=\u00bbDM Sans||||||||\u00bb text_text_color=\u00bb#47465e\u00bb text_font_size=\u00bb16px\u00bb text_letter_spacing=\u00bb0.8px\u00bb text_line_height=\u00bb2em\u00bb text_orientation=\u00bbcenter\u00bb custom_margin=\u00bb-5px||||false|false\u00bb custom_margin_tablet=\u00bb-22px||||false|false\u00bb custom_margin_phone=\u00bb-6px||||false|false\u00bb custom_margin_last_edited=\u00bbon|tablet\u00bb text_line_height_tablet=\u00bb1.8em\u00bb text_line_height_phone=\u00bb1.5em\u00bb text_line_height_last_edited=\u00bbon|phone\u00bb global_colors_info=\u00bb{}\u00bb]<\/p>\n<p style=\"text-align: justify;\"><span>En <strong>Enr\u00edquez Procuradores<\/strong>, estamos listos para ser tu aliado legal en nuestros <strong>despacho de procuradores en Orense<\/strong> y m\u00e1s all\u00e1. \u00bfProblemas financieros o legales? Ll\u00e1manos. Nuestro equipo diverso, con <strong>procurador, abogado sustituto y economista\/perito judicial<\/strong>, est\u00e1 aqu\u00ed para brindarte soluciones efectivas. Tu llamada marca el inicio hacia una representaci\u00f3n s\u00f3lida y confiable. Estamos aqu\u00ed para ayudarte.<\/span><\/p>\n<p>[\/et_pb_text][\/et_pb_column][et_pb_column type=\u00bb1_2&#8243; _builder_version=\u00bb4.16&#8243; _module_preset=\u00bbdefault\u00bb global_colors_info=\u00bb{}\u00bb][et_pb_image src=\u00bbhttps:\/\/enriquezprocuradores.com\/wp-content\/uploads\/2024\/02\/Despacho-de-procuradores-en-Orense-1.jpg\u00bb alt=\u00bbDespacho de procuradores en Orense\u00bb title_text=\u00bbDespacho de procuradores en Orense (1)\u00bb _builder_version=\u00bb4.24.1&#8243; _module_preset=\u00bbdefault\u00bb width=\u00bb67%\u00bb module_alignment=\u00bbcenter\u00bb custom_margin=\u00bb28px|||||\u00bb global_colors_info=\u00bb{}\u00bb][\/et_pb_image][\/et_pb_column][\/et_pb_row][\/et_pb_section][et_pb_section fb_built=\u00bb1&#8243; _builder_version=\u00bb4.24.0&#8243; _module_preset=\u00bbdefault\u00bb background_color=\u00bb#132337&#8243; custom_padding=\u00bb8px||19px|||\u00bb global_colors_info=\u00bb{}\u00bb][et_pb_row use_custom_gutter=\u00bbon\u00bb gutter_width=\u00bb2&#8243; make_equal=\u00bbon\u00bb custom_padding_last_edited=\u00bbon|phone\u00bb _builder_version=\u00bb4.24.0&#8243; _module_preset=\u00bbdefault\u00bb width=\u00bb90%\u00bb max_width=\u00bb1050px\u00bb custom_padding=\u00bb0px||40px||false|false\u00bb custom_padding_tablet=\u00bb20px||40px||false|false\u00bb custom_padding_phone=\u00bb18px||25px||false|false\u00bb animation_style=\u00bbzoom\u00bb global_colors_info=\u00bb{}\u00bb][et_pb_column type=\u00bb4_4&#8243; _builder_version=\u00bb4.16&#8243; _module_preset=\u00bbdefault\u00bb global_colors_info=\u00bb{}\u00bb][et_pb_text _builder_version=\u00bb4.24.1&#8243; _module_preset=\u00bbdefault\u00bb header_3_font=\u00bbPlayfair Display||||||||\u00bb header_3_text_color=\u00bb#FFFFFF\u00bb header_3_font_size=\u00bb34px\u00bb header_3_line_height=\u00bb42px\u00bb global_colors_info=\u00bb{}\u00bb]<\/p>\n<h3 style=\"text-align: center;\"><span>Sobre nuestro despacho<\/span><\/h3>\n<p>[\/et_pb_text][et_pb_text _builder_version=\u00bb4.24.0&#8243; _module_preset=\u00bbdefault\u00bb text_font=\u00bbDM Sans||||||||\u00bb text_text_color=\u00bb#FFFFFF\u00bb text_font_size=\u00bb16px\u00bb text_orientation=\u00bbjustified\u00bb global_colors_info=\u00bb{}\u00bb]<\/p>\n<p>Bienvenido a tu <strong>despacho de procuradores en Orense<\/strong>, tu centro de soluciones legales online para abogados. Nuestra firma, arraigada en la excelencia y la dedicaci\u00f3n, te ofrece una gama completa de servicios legales para abordar tus necesidades con eficacia.<\/p>\n<ol>\n<li><strong>Experiencia Local y Global:<\/strong> Con sede en Orense, estamos arraigados en la comunidad, pero nuestra presencia en l\u00ednea nos permite servir a clientes en toda Espa\u00f1a. La combinaci\u00f3n de lo local y lo global nos posiciona para brindarte un servicio integral.<\/li>\n<li><strong>Equipo Multidisciplinario:<\/strong> Contamos con un equipo diverso compuesto por un procurador, abogado sustituto y economista\/perito judicial. Esta variedad de habilidades nos permite abordar tus asuntos legales desde diversas perspectivas, garantizando una representaci\u00f3n s\u00f3lida y completa.<\/li>\n<li><strong>Atenci\u00f3n Personalizada:<\/strong> En Enr\u00edquez Procuradores, valoramos la singularidad de cada caso. Proporcionamos atenci\u00f3n personalizada, evaluando tus necesidades espec\u00edficas y dise\u00f1ando estrategias adaptadas para obtener los mejores resultados.<\/li>\n<li><strong>Compromiso con la Excelencia:<\/strong> Nos esforzamos por la excelencia en cada aspecto de nuestro trabajo. Desde la asesor\u00eda legal hasta la representaci\u00f3n en el tribunal, mantenemos altos est\u00e1ndares para asegurar tu satisfacci\u00f3n y \u00e9xito.<\/li>\n<\/ol>\n<p>Ya sea que enfrentes desaf\u00edos legales o financieros, Enr\u00edquez Procuradores est\u00e1 aqu\u00ed para ofrecerte soluciones confiables. Ll\u00e1manos hoy y descubre c\u00f3mo podemos ser tu socio de confianza en el camino hacia la resoluci\u00f3n y la paz legal.<\/p>\n<p>[\/et_pb_text][\/et_pb_column][\/et_pb_row][\/et_pb_section]<\/p>\n","protected":false},"excerpt":{"rendered":"<p>DespachoEnr\u00edquez Procuradores, tu equipo legal en Orense y m\u00e1s all\u00e1. Ofrecemos servicios tanto presenciales en Orense como en l\u00ednea para brindarte comodidad y accesibilidad. Nuestro equipo multidisciplinario incluye procuradores, abogados sustitutos y economistas\/peritos judiciales, garantizando una representaci\u00f3n s\u00f3lida y completa en tus asuntos legales. Conf\u00eda en nosotros para una asesor\u00eda legal integral.Despacho de procuradores en [&hellip;]<\/p>\n","protected":false},"author":1,"featured_media":0,"parent":0,"menu_order":0,"comment_status":"closed","ping_status":"closed","template":"","meta":{"_et_pb_use_builder":"on","_et_pb_old_content":"","_et_gb_content_width":"","footnotes":""},"class_list":["post-255","page","type-page","status-publish","hentry"],"yoast_head":"<!-- This site is optimized with the Yoast SEO plugin v27.4 - https:\/\/yoast.com\/product\/yoast-seo-wordpress\/ -->\n<title>Despacho de procuradores en Orense - Enr\u00edquez Procuradores<\/title>\n<meta name=\"description\" content=\"Si est\u00e1s buscando un despacho de procuradores en Orense para abogados, no dudes en contactar con nosootros.\" \/>\n<meta name=\"robots\" content=\"index, follow, max-snippet:-1, max-image-preview:large, max-video-preview:-1\" \/>\n<link rel=\"canonical\" href=\"https:\/\/enriquezprocuradores.com\/index.php\/despacho-de-procuradores-en-orense\/\" \/>\n<meta property=\"og:locale\" content=\"es_ES\" \/>\n<meta property=\"og:type\" content=\"article\" \/>\n<meta property=\"og:title\" content=\"Despacho de procuradores en Orense - Enr\u00edquez Procuradores\" \/>\n<meta property=\"og:description\" content=\"Si est\u00e1s buscando un despacho de procuradores en Orense para abogados, no dudes en contactar con nosootros.\" \/>\n<meta property=\"og:url\" content=\"https:\/\/enriquezprocuradores.com\/index.php\/despacho-de-procuradores-en-orense\/\" \/>\n<meta property=\"og:site_name\" content=\"Procurador en Ourense\" \/>\n<meta property=\"article:modified_time\" content=\"2024-05-24T09:53:43+00:00\" \/>\n<meta name=\"twitter:card\" content=\"summary_large_image\" \/>\n<meta name=\"twitter:label1\" content=\"Tiempo de lectura\" \/>\n\t<meta name=\"twitter:data1\" content=\"2 minutos\" \/>\n<script type=\"application\/ld+json\" class=\"yoast-schema-graph\">{\"@context\":\"https:\\\/\\\/schema.org\",\"@graph\":[{\"@type\":\"WebPage\",\"@id\":\"https:\\\/\\\/enriquezprocuradores.com\\\/index.php\\\/despacho-de-procuradores-en-orense\\\/\",\"url\":\"https:\\\/\\\/enriquezprocuradores.com\\\/index.php\\\/despacho-de-procuradores-en-orense\\\/\",\"name\":\"Despacho de procuradores en Orense - Enr\u00edquez Procuradores\",\"isPartOf\":{\"@id\":\"https:\\\/\\\/enriquezprocuradores.com\\\/#website\"},\"datePublished\":\"2024-02-15T04:07:45+00:00\",\"dateModified\":\"2024-05-24T09:53:43+00:00\",\"description\":\"Si est\u00e1s buscando un despacho de procuradores en Orense para abogados, no dudes en contactar con nosootros.\",\"breadcrumb\":{\"@id\":\"https:\\\/\\\/enriquezprocuradores.com\\\/index.php\\\/despacho-de-procuradores-en-orense\\\/#breadcrumb\"},\"inLanguage\":\"es\",\"potentialAction\":[{\"@type\":\"ReadAction\",\"target\":[\"https:\\\/\\\/enriquezprocuradores.com\\\/index.php\\\/despacho-de-procuradores-en-orense\\\/\"]}]},{\"@type\":\"BreadcrumbList\",\"@id\":\"https:\\\/\\\/enriquezprocuradores.com\\\/index.php\\\/despacho-de-procuradores-en-orense\\\/#breadcrumb\",\"itemListElement\":[{\"@type\":\"ListItem\",\"position\":1,\"name\":\"Portada\",\"item\":\"https:\\\/\\\/enriquezprocuradores.com\\\/\"},{\"@type\":\"ListItem\",\"position\":2,\"name\":\"Despacho de procuradores en Orense\"}]},{\"@type\":\"WebSite\",\"@id\":\"https:\\\/\\\/enriquezprocuradores.com\\\/#website\",\"url\":\"https:\\\/\\\/enriquezprocuradores.com\\\/\",\"name\":\"Procurador en Ourense\",\"description\":\"Enr\u00edquez Procuradores\",\"potentialAction\":[{\"@type\":\"SearchAction\",\"target\":{\"@type\":\"EntryPoint\",\"urlTemplate\":\"https:\\\/\\\/enriquezprocuradores.com\\\/?s={search_term_string}\"},\"query-input\":{\"@type\":\"PropertyValueSpecification\",\"valueRequired\":true,\"valueName\":\"search_term_string\"}}],\"inLanguage\":\"es\"}]}<\/script>\n<!-- \/ Yoast SEO plugin. -->","yoast_head_json":{"title":"Despacho de procuradores en Orense - Enr\u00edquez Procuradores","description":"Si est\u00e1s buscando un despacho de procuradores en Orense para abogados, no dudes en contactar con nosootros.","robots":{"index":"index","follow":"follow","max-snippet":"max-snippet:-1","max-image-preview":"max-image-preview:large","max-video-preview":"max-video-preview:-1"},"canonical":"https:\/\/enriquezprocuradores.com\/index.php\/despacho-de-procuradores-en-orense\/","og_locale":"es_ES","og_type":"article","og_title":"Despacho de procuradores en Orense - Enr\u00edquez Procuradores","og_description":"Si est\u00e1s buscando un despacho de procuradores en Orense para abogados, no dudes en contactar con nosootros.","og_url":"https:\/\/enriquezprocuradores.com\/index.php\/despacho-de-procuradores-en-orense\/","og_site_name":"Procurador en Ourense","article_modified_time":"2024-05-24T09:53:43+00:00","twitter_card":"summary_large_image","twitter_misc":{"Tiempo de lectura":"2 minutos"},"schema":{"@context":"https:\/\/schema.org","@graph":[{"@type":"WebPage","@id":"https:\/\/enriquezprocuradores.com\/index.php\/despacho-de-procuradores-en-orense\/","url":"https:\/\/enriquezprocuradores.com\/index.php\/despacho-de-procuradores-en-orense\/","name":"Despacho de procuradores en Orense - Enr\u00edquez Procuradores","isPartOf":{"@id":"https:\/\/enriquezprocuradores.com\/#website"},"datePublished":"2024-02-15T04:07:45+00:00","dateModified":"2024-05-24T09:53:43+00:00","description":"Si est\u00e1s buscando un despacho de procuradores en Orense para abogados, no dudes en contactar con nosootros.","breadcrumb":{"@id":"https:\/\/enriquezprocuradores.com\/index.php\/despacho-de-procuradores-en-orense\/#breadcrumb"},"inLanguage":"es","potentialAction":[{"@type":"ReadAction","target":["https:\/\/enriquezprocuradores.com\/index.php\/despacho-de-procuradores-en-orense\/"]}]},{"@type":"BreadcrumbList","@id":"https:\/\/enriquezprocuradores.com\/index.php\/despacho-de-procuradores-en-orense\/#breadcrumb","itemListElement":[{"@type":"ListItem","position":1,"name":"Portada","item":"https:\/\/enriquezprocuradores.com\/"},{"@type":"ListItem","position":2,"name":"Despacho de procuradores en Orense"}]},{"@type":"WebSite","@id":"https:\/\/enriquezprocuradores.com\/#website","url":"https:\/\/enriquezprocuradores.com\/","name":"Procurador en Ourense","description":"Enr\u00edquez Procuradores","potentialAction":[{"@type":"SearchAction","target":{"@type":"EntryPoint","urlTemplate":"https:\/\/enriquezprocuradores.com\/?s={search_term_string}"},"query-input":{"@type":"PropertyValueSpecification","valueRequired":true,"valueName":"search_term_string"}}],"inLanguage":"es"}]}},"_links":{"self":[{"href":"https:\/\/enriquezprocuradores.com\/index.php\/wp-json\/wp\/v2\/pages\/255","targetHints":{"allow":["GET"]}}],"collection":[{"href":"https:\/\/enriquezprocuradores.com\/index.php\/wp-json\/wp\/v2\/pages"}],"about":[{"href":"https:\/\/enriquezprocuradores.com\/index.php\/wp-json\/wp\/v2\/types\/page"}],"author":[{"embeddable":true,"href":"https:\/\/enriquezprocuradores.com\/index.php\/wp-json\/wp\/v2\/users\/1"}],"replies":[{"embeddable":true,"href":"https:\/\/enriquezprocuradores.com\/index.php\/wp-json\/wp\/v2\/comments?post=255"}],"version-history":[{"count":7,"href":"https:\/\/enriquezprocuradores.com\/index.php\/wp-json\/wp\/v2\/pages\/255\/revisions"}],"predecessor-version":[{"id":407,"href":"https:\/\/enriquezprocuradores.com\/index.php\/wp-json\/wp\/v2\/pages\/255\/revisions\/407"}],"wp:attachment":[{"href":"https:\/\/enriquezprocuradores.com\/index.php\/wp-json\/wp\/v2\/media?parent=255"}],"curies":[{"name":"wp","href":"https:\/\/api.w.org\/{rel}","templated":true}]}}