{"id":45,"date":"2024-02-07T17:11:23","date_gmt":"2024-02-07T17:11:23","guid":{"rendered":"https:\/\/enriquezprocuradores.multiplikate.es\/?page_id=45"},"modified":"2024-03-26T11:23:22","modified_gmt":"2024-03-26T11:23:22","slug":"procurador-para-abogados-en-orense","status":"publish","type":"page","link":"https:\/\/enriquezprocuradores.com\/index.php\/procurador-para-abogados-en-orense\/","title":{"rendered":"Procurador para abogados en Orense"},"content":{"rendered":"<p>[et_pb_section fb_built=\u00bb1&#8243; custom_padding_last_edited=\u00bbon|phone\u00bb _builder_version=\u00bb4.24.1&#8243; _module_preset=\u00bbdefault\u00bb background_color=\u00bbrgba(0,0,0,0.43)\u00bb background_image=\u00bbhttps:\/\/enriquezprocuradores.com\/wp-content\/uploads\/2024\/02\/Procurador-para-abogados-en-Orense-2.jpg\u00bb background_blend=\u00bbdarken\u00bb custom_padding=\u00bb||149px|||\u00bb custom_padding_tablet=\u00bb||149px|||\u00bb custom_padding_phone=\u00bb||30px||false|false\u00bb animation_style=\u00bbfade\u00bb global_colors_info=\u00bb{}\u00bb][et_pb_row custom_padding_last_edited=\u00bbon|phone\u00bb _builder_version=\u00bb4.24.0&#8243; _module_preset=\u00bbdefault\u00bb custom_padding=\u00bb149px||||false|false\u00bb custom_padding_tablet=\u00bb149px||||false|false\u00bb custom_padding_phone=\u00bb15px||||false|false\u00bb global_colors_info=\u00bb{}\u00bb][et_pb_column type=\u00bb4_4&#8243; _builder_version=\u00bb4.24.0&#8243; _module_preset=\u00bbdefault\u00bb global_colors_info=\u00bb{}\u00bb][et_pb_text _builder_version=\u00bb4.24.1&#8243; _module_preset=\u00bbdefault\u00bb header_2_font=\u00bbPlayfair Display||||||||\u00bb header_2_text_color=\u00bb#FFFFFF\u00bb header_2_font_size=\u00bb46px\u00bb header_font_size_tablet=\u00bb\u00bb header_font_size_phone=\u00bb40px\u00bb header_font_size_last_edited=\u00bbon|phone\u00bb header_2_font_size_tablet=\u00bb46px\u00bb header_2_font_size_phone=\u00bb40px\u00bb header_2_font_size_last_edited=\u00bbon|phone\u00bb global_colors_info=\u00bb{}\u00bb]<\/p>\n<h2 style=\"text-align: center;\">Procuradoria<\/h2>\n<p>[\/et_pb_text][et_pb_text _builder_version=\u00bb4.24.1&#8243; _module_preset=\u00bbdefault\u00bb text_font=\u00bbDM Sans||||||||\u00bb text_text_color=\u00bb#FFFFFF\u00bb text_font_size=\u00bb19px\u00bb text_font_size_tablet=\u00bb19px\u00bb text_font_size_phone=\u00bb16px\u00bb text_font_size_last_edited=\u00bbon|phone\u00bb global_colors_info=\u00bb{}\u00bb]<\/p>\n<p style=\"text-align: justify;\"><span>Nuestro servicio de <\/span><strong>Procuradur\u00eda<\/strong><span> destaca por su compromiso con la representaci\u00f3n legal efectiva. Nuestros procuradores est\u00e1n dedicados a abordar tus asuntos legales con profesionalismo y experiencia. Con un enfoque centrado en tus necesidades, ofrecemos una representaci\u00f3n s\u00f3lida para asegurar tus intereses en el \u00e1mbito legal.<\/span><\/p>\n<p>[\/et_pb_text][\/et_pb_column][\/et_pb_row][\/et_pb_section][et_pb_section fb_built=\u00bb1&#8243; _builder_version=\u00bb4.24.0&#8243; _module_preset=\u00bbdefault\u00bb background_color=\u00bb#efefef\u00bb global_colors_info=\u00bb{}\u00bb][et_pb_row column_structure=\u00bb1_2,1_2&#8243; use_custom_gutter=\u00bbon\u00bb gutter_width=\u00bb2&#8243; make_equal=\u00bbon\u00bb custom_padding_last_edited=\u00bbon|phone\u00bb _builder_version=\u00bb4.24.0&#8243; _module_preset=\u00bbdefault\u00bb width=\u00bb90%\u00bb max_width=\u00bb1240px\u00bb max_width_tablet=\u00bb406px\u00bb max_width_phone=\u00bb406px\u00bb max_width_last_edited=\u00bbon|tablet\u00bb custom_margin=\u00bb|auto|16px|auto|false|false\u00bb custom_padding=\u00bb0px||0px||false|false\u00bb custom_padding_tablet=\u00bb0px||0px||false|false\u00bb custom_padding_phone=\u00bb0px|10px|0px|10px|false|true\u00bb animation_style=\u00bbzoom\u00bb locked=\u00bboff\u00bb global_colors_info=\u00bb{}\u00bb][et_pb_column type=\u00bb1_2&#8243; _builder_version=\u00bb4.16&#8243; _module_preset=\u00bbdefault\u00bb global_colors_info=\u00bb{}\u00bb][et_pb_text _builder_version=\u00bb4.24.1&#8243; _module_preset=\u00bbdefault\u00bb header_font=\u00bb|600|||||||\u00bb header_text_align=\u00bbleft\u00bb header_font_size=\u00bb32px\u00bb header_3_font=\u00bbPlayfair Display||||||||\u00bb header_3_text_align=\u00bbcenter\u00bb header_3_text_color=\u00bb#1d1a4e\u00bb header_3_font_size=\u00bb32px\u00bb header_3_letter_spacing=\u00bb0.8px\u00bb header_3_line_height=\u00bb42px\u00bb custom_margin_tablet=\u00bb\u00bb custom_margin_phone=\u00bb||6px||false|false\u00bb custom_margin_last_edited=\u00bbon|phone\u00bb custom_padding_tablet=\u00bb\u00bb custom_padding_phone=\u00bb||||false|false\u00bb custom_padding_last_edited=\u00bbon|phone\u00bb header_3_font_size_tablet=\u00bb32px\u00bb header_3_font_size_phone=\u00bb26px\u00bb header_3_font_size_last_edited=\u00bbon|phone\u00bb global_colors_info=\u00bb{}\u00bb]<\/p>\n<h1 class=\"elementor-heading-title elementor-size-default\" style=\"text-align: left;\"><strong>Procurador para abogados en Orense<\/strong><\/h1>\n<p>[\/et_pb_text][et_pb_text _builder_version=\u00bb4.24.0&#8243; _module_preset=\u00bbdefault\u00bb text_font=\u00bbDM Sans||||||||\u00bb text_text_color=\u00bb#47465e\u00bb text_font_size=\u00bb16px\u00bb text_letter_spacing=\u00bb0.8px\u00bb text_line_height=\u00bb2em\u00bb text_orientation=\u00bbcenter\u00bb custom_margin=\u00bb-5px||||false|false\u00bb custom_margin_tablet=\u00bb-22px||||false|false\u00bb custom_margin_phone=\u00bb-6px||||false|false\u00bb custom_margin_last_edited=\u00bbon|tablet\u00bb text_line_height_tablet=\u00bb1.8em\u00bb text_line_height_phone=\u00bb1.5em\u00bb text_line_height_last_edited=\u00bbon|phone\u00bb global_colors_info=\u00bb{}\u00bb]<\/p>\n<p style=\"text-align: justify;\"><span>Te invitamos a elegir nuestros <strong>procurador para abogados en Orense<\/strong><\/span><span>\u00a0para una representaci\u00f3n legal efectiva. Nuestros procuradores, comprometidos y expertos, garantizan una defensa s\u00f3lida y profesional. Contrata nuestros servicios y conf\u00eda en recibir la representaci\u00f3n legal dedicada que necesitas para proteger tus intereses. Estamos aqu\u00ed para respaldarte en cada paso del proceso legal.<\/span><\/p>\n<p>[\/et_pb_text][\/et_pb_column][et_pb_column type=\u00bb1_2&#8243; _builder_version=\u00bb4.16&#8243; _module_preset=\u00bbdefault\u00bb global_colors_info=\u00bb{}\u00bb][et_pb_image src=\u00bbhttps:\/\/enriquezprocuradores.com\/wp-content\/uploads\/2024\/02\/Procurador-para-abogados-en-Orense-1.jpg\u00bb alt=\u00bbProcurador para abogados en Orense\u00bb title_text=\u00bbProcurador para abogados en Orense (1)\u00bb _builder_version=\u00bb4.24.1&#8243; _module_preset=\u00bbdefault\u00bb width=\u00bb67%\u00bb width_tablet=\u00bb67%\u00bb width_phone=\u00bb100%\u00bb width_last_edited=\u00bbon|phone\u00bb module_alignment=\u00bbcenter\u00bb custom_margin=\u00bb28px|||||\u00bb box_shadow_style=\u00bbpreset2&#8243; global_colors_info=\u00bb{}\u00bb][\/et_pb_image][\/et_pb_column][\/et_pb_row][\/et_pb_section][et_pb_section fb_built=\u00bb1&#8243; _builder_version=\u00bb4.24.0&#8243; _module_preset=\u00bbdefault\u00bb background_color=\u00bb#132337&#8243; custom_padding=\u00bb8px||19px|||\u00bb global_colors_info=\u00bb{}\u00bb][et_pb_row use_custom_gutter=\u00bbon\u00bb gutter_width=\u00bb2&#8243; make_equal=\u00bbon\u00bb custom_padding_last_edited=\u00bbon|phone\u00bb _builder_version=\u00bb4.24.0&#8243; _module_preset=\u00bbdefault\u00bb width=\u00bb90%\u00bb max_width=\u00bb1050px\u00bb custom_padding=\u00bb0px||40px||false|false\u00bb custom_padding_tablet=\u00bb20px||40px||false|false\u00bb custom_padding_phone=\u00bb18px||25px||false|false\u00bb animation_style=\u00bbzoom\u00bb global_colors_info=\u00bb{}\u00bb][et_pb_column type=\u00bb4_4&#8243; _builder_version=\u00bb4.16&#8243; _module_preset=\u00bbdefault\u00bb global_colors_info=\u00bb{}\u00bb][et_pb_text _builder_version=\u00bb4.24.1&#8243; _module_preset=\u00bbdefault\u00bb header_3_font=\u00bbPlayfair Display||||||||\u00bb header_3_text_color=\u00bb#FFFFFF\u00bb header_3_font_size=\u00bb34px\u00bb header_3_line_height=\u00bb42px\u00bb global_colors_info=\u00bb{}\u00bb]<\/p>\n<h3 style=\"text-align: center;\"><span>M\u00e1s informaci\u00f3n<\/span><\/h3>\n<p>[\/et_pb_text][et_pb_text _builder_version=\u00bb4.24.1&#8243; _module_preset=\u00bbdefault\u00bb text_font=\u00bbDM Sans||||||||\u00bb text_text_color=\u00bb#FFFFFF\u00bb text_font_size=\u00bb16px\u00bb global_colors_info=\u00bb{}\u00bb]<\/p>\n<p style=\"text-align: justify;\">Nuestro servicio de <strong>Procuradur\u00eda<\/strong> se distingue por proporcionar una representaci\u00f3n legal integral y efectiva con nuestros<strong> procurador para abogados en Orense<\/strong>. Aqu\u00ed hay m\u00e1s razones convincentes para considerar nuestros servicios:<\/p>\n<ol style=\"text-align: justify;\">\n<li><strong>Compromiso Profesional:<\/strong> Nuestros procuradores se dedican a proporcionar representaci\u00f3n legal s\u00f3lida y profesional en una variedad de casos legales.<\/li>\n<li><strong>Experiencia Dedicada:<\/strong> Con a\u00f1os de experiencia, nuestros profesionales ofrecen conocimientos expertos, garantizando un manejo h\u00e1bil de cada asunto legal.<\/li>\n<li><strong>Defensa Centrada en el Cliente:<\/strong> Adoptamos un enfoque centrado en las necesidades del cliente, asegurando una representaci\u00f3n legal personalizada que protege de manera efectiva sus intereses.<\/li>\n<li><strong>S\u00f3lido Respaldo Legal:<\/strong> Ofrecemos una defensa legal confiable y robusta para abordar diversas situaciones legales con eficacia.<\/li>\n<li><strong>Tranquilidad Legal:<\/strong> Al elegirnos, obtienes la tranquilidad de contar con expertos comprometidos a tu lado, brindando asesoramiento y defensa legal integral adaptados a tus circunstancias espec\u00edficas.<\/li>\n<\/ol>\n<p style=\"text-align: justify;\">En <strong>Enr\u00edquez Procuradores<\/strong>, nos enorgullece proporcionar un servicio de procuradur\u00eda que va m\u00e1s all\u00e1 de lo convencional. Contratar nuestros servicios significa asegurar una representaci\u00f3n legal s\u00f3lida, confiable y adaptada a tus necesidades, respaldada por profesionales comprometidos. Conf\u00eda en nosotros para abordar tus asuntos legales con profesionalismo y dedicaci\u00f3n. No dudes en ponerte en contacto con nosotros, donde te asesoraremos sobre todos nuestros servicios.<\/p>\n<p>[\/et_pb_text][\/et_pb_column][\/et_pb_row][\/et_pb_section]<\/p>\n","protected":false},"excerpt":{"rendered":"<p>ProcuradoriaNuestro servicio de Procuradur\u00eda destaca por su compromiso con la representaci\u00f3n legal efectiva. Nuestros procuradores est\u00e1n dedicados a abordar tus asuntos legales con profesionalismo y experiencia. Con un enfoque centrado en tus necesidades, ofrecemos una representaci\u00f3n s\u00f3lida para asegurar tus intereses en el \u00e1mbito legal.Procurador para abogados en OrenseTe invitamos a elegir nuestros procurador para [&hellip;]<\/p>\n","protected":false},"author":1,"featured_media":0,"parent":0,"menu_order":0,"comment_status":"closed","ping_status":"closed","template":"","meta":{"_et_pb_use_builder":"on","_et_pb_old_content":"<!-- wp:divi\/placeholder \/-->","_et_gb_content_width":"","footnotes":""},"class_list":["post-45","page","type-page","status-publish","hentry"],"yoast_head":"<!-- This site is optimized with the Yoast SEO plugin v27.4 - https:\/\/yoast.com\/product\/yoast-seo-wordpress\/ -->\n<title>Procurador para abogados en Orense - Procurador en Ourense<\/title>\n<meta name=\"description\" content=\"Si estas buscando un procurador para abogados en Orense no dudes en ponerte en contacto con nosotros, trabajamos online si es necesario.\" \/>\n<meta name=\"robots\" content=\"index, follow, max-snippet:-1, max-image-preview:large, max-video-preview:-1\" \/>\n<link rel=\"canonical\" href=\"https:\/\/enriquezprocuradores.com\/index.php\/procurador-para-abogados-en-orense\/\" \/>\n<meta property=\"og:locale\" content=\"es_ES\" \/>\n<meta property=\"og:type\" content=\"article\" \/>\n<meta property=\"og:title\" content=\"Procurador para abogados en Orense - Procurador en Ourense\" \/>\n<meta property=\"og:description\" content=\"Si estas buscando un procurador para abogados en Orense no dudes en ponerte en contacto con nosotros, trabajamos online si es necesario.\" \/>\n<meta property=\"og:url\" content=\"https:\/\/enriquezprocuradores.com\/index.php\/procurador-para-abogados-en-orense\/\" \/>\n<meta property=\"og:site_name\" content=\"Procurador en Ourense\" \/>\n<meta property=\"article:modified_time\" content=\"2024-03-26T11:23:22+00:00\" \/>\n<meta name=\"twitter:card\" content=\"summary_large_image\" \/>\n<script type=\"application\/ld+json\" class=\"yoast-schema-graph\">{\"@context\":\"https:\\\/\\\/schema.org\",\"@graph\":[{\"@type\":\"WebPage\",\"@id\":\"https:\\\/\\\/enriquezprocuradores.com\\\/index.php\\\/procurador-para-abogados-en-orense\\\/\",\"url\":\"https:\\\/\\\/enriquezprocuradores.com\\\/index.php\\\/procurador-para-abogados-en-orense\\\/\",\"name\":\"Procurador para abogados en Orense - Procurador en Ourense\",\"isPartOf\":{\"@id\":\"https:\\\/\\\/enriquezprocuradores.com\\\/#website\"},\"datePublished\":\"2024-02-07T17:11:23+00:00\",\"dateModified\":\"2024-03-26T11:23:22+00:00\",\"description\":\"Si estas buscando un procurador para abogados en Orense no dudes en ponerte en contacto con nosotros, trabajamos online si es necesario.\",\"breadcrumb\":{\"@id\":\"https:\\\/\\\/enriquezprocuradores.com\\\/index.php\\\/procurador-para-abogados-en-orense\\\/#breadcrumb\"},\"inLanguage\":\"es\",\"potentialAction\":[{\"@type\":\"ReadAction\",\"target\":[\"https:\\\/\\\/enriquezprocuradores.com\\\/index.php\\\/procurador-para-abogados-en-orense\\\/\"]}]},{\"@type\":\"BreadcrumbList\",\"@id\":\"https:\\\/\\\/enriquezprocuradores.com\\\/index.php\\\/procurador-para-abogados-en-orense\\\/#breadcrumb\",\"itemListElement\":[{\"@type\":\"ListItem\",\"position\":1,\"name\":\"Portada\",\"item\":\"https:\\\/\\\/enriquezprocuradores.com\\\/\"},{\"@type\":\"ListItem\",\"position\":2,\"name\":\"Procurador para abogados en Orense\"}]},{\"@type\":\"WebSite\",\"@id\":\"https:\\\/\\\/enriquezprocuradores.com\\\/#website\",\"url\":\"https:\\\/\\\/enriquezprocuradores.com\\\/\",\"name\":\"Procurador en Ourense\",\"description\":\"Enr\u00edquez Procuradores\",\"potentialAction\":[{\"@type\":\"SearchAction\",\"target\":{\"@type\":\"EntryPoint\",\"urlTemplate\":\"https:\\\/\\\/enriquezprocuradores.com\\\/?s={search_term_string}\"},\"query-input\":{\"@type\":\"PropertyValueSpecification\",\"valueRequired\":true,\"valueName\":\"search_term_string\"}}],\"inLanguage\":\"es\"}]}<\/script>\n<!-- \/ Yoast SEO plugin. -->","yoast_head_json":{"title":"Procurador para abogados en Orense - Procurador en Ourense","description":"Si estas buscando un procurador para abogados en Orense no dudes en ponerte en contacto con nosotros, trabajamos online si es necesario.","robots":{"index":"index","follow":"follow","max-snippet":"max-snippet:-1","max-image-preview":"max-image-preview:large","max-video-preview":"max-video-preview:-1"},"canonical":"https:\/\/enriquezprocuradores.com\/index.php\/procurador-para-abogados-en-orense\/","og_locale":"es_ES","og_type":"article","og_title":"Procurador para abogados en Orense - Procurador en Ourense","og_description":"Si estas buscando un procurador para abogados en Orense no dudes en ponerte en contacto con nosotros, trabajamos online si es necesario.","og_url":"https:\/\/enriquezprocuradores.com\/index.php\/procurador-para-abogados-en-orense\/","og_site_name":"Procurador en Ourense","article_modified_time":"2024-03-26T11:23:22+00:00","twitter_card":"summary_large_image","schema":{"@context":"https:\/\/schema.org","@graph":[{"@type":"WebPage","@id":"https:\/\/enriquezprocuradores.com\/index.php\/procurador-para-abogados-en-orense\/","url":"https:\/\/enriquezprocuradores.com\/index.php\/procurador-para-abogados-en-orense\/","name":"Procurador para abogados en Orense - Procurador en Ourense","isPartOf":{"@id":"https:\/\/enriquezprocuradores.com\/#website"},"datePublished":"2024-02-07T17:11:23+00:00","dateModified":"2024-03-26T11:23:22+00:00","description":"Si estas buscando un procurador para abogados en Orense no dudes en ponerte en contacto con nosotros, trabajamos online si es necesario.","breadcrumb":{"@id":"https:\/\/enriquezprocuradores.com\/index.php\/procurador-para-abogados-en-orense\/#breadcrumb"},"inLanguage":"es","potentialAction":[{"@type":"ReadAction","target":["https:\/\/enriquezprocuradores.com\/index.php\/procurador-para-abogados-en-orense\/"]}]},{"@type":"BreadcrumbList","@id":"https:\/\/enriquezprocuradores.com\/index.php\/procurador-para-abogados-en-orense\/#breadcrumb","itemListElement":[{"@type":"ListItem","position":1,"name":"Portada","item":"https:\/\/enriquezprocuradores.com\/"},{"@type":"ListItem","position":2,"name":"Procurador para abogados en Orense"}]},{"@type":"WebSite","@id":"https:\/\/enriquezprocuradores.com\/#website","url":"https:\/\/enriquezprocuradores.com\/","name":"Procurador en Ourense","description":"Enr\u00edquez Procuradores","potentialAction":[{"@type":"SearchAction","target":{"@type":"EntryPoint","urlTemplate":"https:\/\/enriquezprocuradores.com\/?s={search_term_string}"},"query-input":{"@type":"PropertyValueSpecification","valueRequired":true,"valueName":"search_term_string"}}],"inLanguage":"es"}]}},"_links":{"self":[{"href":"https:\/\/enriquezprocuradores.com\/index.php\/wp-json\/wp\/v2\/pages\/45","targetHints":{"allow":["GET"]}}],"collection":[{"href":"https:\/\/enriquezprocuradores.com\/index.php\/wp-json\/wp\/v2\/pages"}],"about":[{"href":"https:\/\/enriquezprocuradores.com\/index.php\/wp-json\/wp\/v2\/types\/page"}],"author":[{"embeddable":true,"href":"https:\/\/enriquezprocuradores.com\/index.php\/wp-json\/wp\/v2\/users\/1"}],"replies":[{"embeddable":true,"href":"https:\/\/enriquezprocuradores.com\/index.php\/wp-json\/wp\/v2\/comments?post=45"}],"version-history":[{"count":13,"href":"https:\/\/enriquezprocuradores.com\/index.php\/wp-json\/wp\/v2\/pages\/45\/revisions"}],"predecessor-version":[{"id":410,"href":"https:\/\/enriquezprocuradores.com\/index.php\/wp-json\/wp\/v2\/pages\/45\/revisions\/410"}],"wp:attachment":[{"href":"https:\/\/enriquezprocuradores.com\/index.php\/wp-json\/wp\/v2\/media?parent=45"}],"curies":[{"name":"wp","href":"https:\/\/api.w.org\/{rel}","templated":true}]}}